{"id":24823,"date":"2024-03-26T17:55:02","date_gmt":"2024-03-26T17:55:02","guid":{"rendered":""},"modified":"2026-04-22T12:00:03","modified_gmt":"2026-04-22T09:00:03","slug":"spatiu-de-inchiriat-pe-strada-campului","status":"publish","type":"property","link":"https:\/\/simonpartners.ro\/en\/property\/spatiu-de-inchiriat-pe-strada-campului\/","title":{"rendered":"Spatiu de inchiriat pe strada Campului"},"content":{"rendered":"<p>Simon, Iuga&amp;partners, agentie din Cluj- Napoca specializata pe segmentul \u00eenchirierii de spa\u021bii de birouri, va propune spre \u00eenchiriere un imobil, cladire individuala,  nou construita, situata pe strada Campului, cu acces facil din strada principala si curte proprie.<br \/>\nImobilul  are o suprafa\u021b\u0103 utila de 200 mp, structura\u021bi \u00een parter si etaj. Curtea r\u0103mas\u0103 libera permite parcarea a trei ma\u0219ini. Are toate utilitatile necesare, aer conditionat, centrala proprie. Clasa energetica B. Spa\u021biul este bine structurat, parterul si etajul fiind open- space, baie pe fiecare nivel, iar la etaj mai este un birou de 15 mp. Sunt deschise optiunile de amenajare a spatiului. Chiria solicitat\u0103 este de 1200 de euro pe luna, nu se datoreaza TVA. Pentru mai multe detalii va rugam sa accesati site-ul nostru www.simonpartners.ro<\/p>\n","protected":false},"featured_media":31803,"comment_status":"closed","ping_status":"closed","template":"","property_type":[19],"property_location":[231],"property_status":[100],"property_label":[],"property_amenity":[227,228,475,472,229,230,214,275,215,226,213,276,277],"property_material":[],"class_list":["post-24823","property","type-property","status-publish","has-post-thumbnail","hentry","property_type-rezidential","property_status-de-inchiriat","property_amenity-apa","property_amenity-canalizare","property_amenity-catv","property_amenity-centrala-proprie","property_amenity-curent","property_amenity-gaz","property_amenity-iluminat-stradal","property_amenity-internet","property_amenity-mijloace-de-transport-in-comun","property_amenity-parcare-deschisa","property_amenity-strazi-asfaltate","property_amenity-telefon","property_amenity-vedere-panoramica"],"_links":{"self":[{"href":"https:\/\/simonpartners.ro\/en\/wp-json\/wp\/v2\/property\/24823","targetHints":{"allow":["GET"]}}],"collection":[{"href":"https:\/\/simonpartners.ro\/en\/wp-json\/wp\/v2\/property"}],"about":[{"href":"https:\/\/simonpartners.ro\/en\/wp-json\/wp\/v2\/types\/property"}],"replies":[{"embeddable":true,"href":"https:\/\/simonpartners.ro\/en\/wp-json\/wp\/v2\/comments?post=24823"}],"wp:featuredmedia":[{"embeddable":true,"href":"https:\/\/simonpartners.ro\/en\/wp-json\/wp\/v2\/media\/31803"}],"wp:attachment":[{"href":"https:\/\/simonpartners.ro\/en\/wp-json\/wp\/v2\/media?parent=24823"}],"wp:term":[{"taxonomy":"property_type","embeddable":true,"href":"https:\/\/simonpartners.ro\/en\/wp-json\/wp\/v2\/property_type?post=24823"},{"taxonomy":"property_location","embeddable":true,"href":"https:\/\/simonpartners.ro\/en\/wp-json\/wp\/v2\/property_location?post=24823"},{"taxonomy":"property_status","embeddable":true,"href":"https:\/\/simonpartners.ro\/en\/wp-json\/wp\/v2\/property_status?post=24823"},{"taxonomy":"property_label","embeddable":true,"href":"https:\/\/simonpartners.ro\/en\/wp-json\/wp\/v2\/property_label?post=24823"},{"taxonomy":"property_amenity","embeddable":true,"href":"https:\/\/simonpartners.ro\/en\/wp-json\/wp\/v2\/property_amenity?post=24823"},{"taxonomy":"property_material","embeddable":true,"href":"https:\/\/simonpartners.ro\/en\/wp-json\/wp\/v2\/property_material?post=24823"}],"curies":[{"name":"wp","href":"https:\/\/api.w.org\/{rel}","templated":true}]}}

<p>Simon, Iuga&amp;partners, agentie din Cluj- Napoca specializata pe segmentul închirierii de spații de birouri, va propune spre închiriere un imobil, cladire individuala,  nou construita, situata pe strada Campului, cu acces facil din strada principala si curte proprie.<br />
Imobilul  are o suprafață utila de 200 mp, structurați în parter si etaj. Curtea rămasă libera permite parcarea a trei mașini. Are toate utilitatile necesare, aer conditionat, centrala proprie. Clasa energetica B. Spațiul este bine structurat, parterul si etajul fiind open- space, baie pe fiecare nivel, iar la etaj mai este un birou de 15 mp. Sunt deschise optiunile de amenajare a spatiului. Chiria solicitată este de 1200 de euro pe luna, nu se datoreaza TVA. Pentru mai multe detalii va rugam sa accesati site-ul nostru www.simonpartners.ro</p>
